{"id":231,"date":"2022-03-01T08:26:39","date_gmt":"2022-03-01T07:26:39","guid":{"rendered":"https:\/\/avenir-formation.fr\/accueil\/?page_id=231"},"modified":"2025-01-17T10:45:24","modified_gmt":"2025-01-17T09:45:24","slug":"et-nous-cest-qui-exactement","status":"publish","type":"page","link":"https:\/\/avenir-formation.fr\/accueil\/et-nous-cest-qui-exactement\/","title":{"rendered":"L&rsquo;\u00e9quipe"},"content":{"rendered":"\n<p class=\"has-theme-palette-2-color has-text-color has-medium-font-size\"><strong>Une \u00e9quipe permanente pour vous conseiller et vous accompagner dans l&rsquo;\u00e9laboration de votre programmation de formation.<\/strong><\/p>\n\n\n\n<p><strong>Rodolphe Pelletier<\/strong>, pr\u00e9sident de l&rsquo;association Avenir \u00ab\u00a0former pour devenir\u00a0\u00bb<\/p>\n\n\n\n<p><strong>Laurent Auger<\/strong>, directeur g\u00e9n\u00e9ral<\/p>\n\n\n\n<p><strong>Laurie Pelletier<\/strong>, responsable administrative et financi\u00e8re<\/p>\n\n\n\n<p><strong>Pascale Seux<\/strong>, coordinatrice, formatrice et r\u00e9f\u00e9rente p\u00e9dagogique<\/p>\n\n\n\n<p><strong>Laetitia Auber<\/strong>, formatrice<\/p>\n\n\n\n<p><strong>Val\u00e9rie Ferr\u00e9<\/strong>, assistante de formation, r\u00e9f\u00e9rente handicap et qualit\u00e9<\/p>\n\n\n\n<p><strong>Manon Pinchon<\/strong>, assistante administrative alternante<\/p>\n\n\n<style>.wp-block-kadence-advancedbtn.kb-btns231_0530c0-84{gap:var(--global-kb-gap-xs, 0.5rem );justify-content:center;align-items:center;}.kt-btns231_0530c0-84 .kt-button{font-weight:normal;font-style:normal;}<\/style>\n<div class=\"wp-block-kadence-advancedbtn kb-buttons-wrap kb-btns231_0530c0-84\"><style>ul.menu .wp-block-kadence-advancedbtn .kb-btn231_282666-3d.kb-button{width:initial;}.wp-block-kadence-advancedbtn .kb-btn231_282666-3d.kb-button{color:var(--global-palette9, #ffffff);background:#013766;border-top-left-radius:30px;border-top-right-radius:30px;border-bottom-right-radius:30px;border-bottom-left-radius:30px;border-top-color:var(--global-palette7, #EDF2F7);border-top-style:solid;border-right-color:var(--global-palette7, #EDF2F7);border-right-style:solid;border-bottom-color:var(--global-palette7, #EDF2F7);border-bottom-style:solid;border-left-color:var(--global-palette7, #EDF2F7);border-left-style:solid;}.wp-block-kadence-advancedbtn .kb-btn231_282666-3d.kb-button:hover, .wp-block-kadence-advancedbtn .kb-btn231_282666-3d.kb-button:focus{color:#ffffff;background:#444444;border-top-color:#444444;border-top-style:solid;border-right-color:#444444;border-right-style:solid;border-bottom-color:#444444;border-bottom-style:solid;border-left-color:#444444;border-left-style:solid;}@media all and (max-width: 1024px){.wp-block-kadence-advancedbtn .kb-btn231_282666-3d.kb-button{border-top-color:var(--global-palette7, #EDF2F7);border-top-style:solid;border-right-color:var(--global-palette7, #EDF2F7);border-right-style:solid;border-bottom-color:var(--global-palette7, #EDF2F7);border-bottom-style:solid;border-left-color:var(--global-palette7, #EDF2F7);border-left-style:solid;}}@media all and (max-width: 1024px){.wp-block-kadence-advancedbtn .kb-btn231_282666-3d.kb-button:hover, .wp-block-kadence-advancedbtn .kb-btn231_282666-3d.kb-button:focus{border-top-color:#444444;border-top-style:solid;border-right-color:#444444;border-right-style:solid;border-bottom-color:#444444;border-bottom-style:solid;border-left-color:#444444;border-left-style:solid;}}@media all and (max-width: 767px){.wp-block-kadence-advancedbtn .kb-btn231_282666-3d.kb-button{border-top-color:var(--global-palette7, #EDF2F7);border-top-style:solid;border-right-color:var(--global-palette7, #EDF2F7);border-right-style:solid;border-bottom-color:var(--global-palette7, #EDF2F7);border-bottom-style:solid;border-left-color:var(--global-palette7, #EDF2F7);border-left-style:solid;}.wp-block-kadence-advancedbtn .kb-btn231_282666-3d.kb-button:hover, .wp-block-kadence-advancedbtn .kb-btn231_282666-3d.kb-button:focus{border-top-color:#444444;border-top-style:solid;border-right-color:#444444;border-right-style:solid;border-bottom-color:#444444;border-bottom-style:solid;border-left-color:#444444;border-left-style:solid;}}<\/style><a class=\"kb-button kt-button button kb-btn231_282666-3d kt-btn-size-standard kt-btn-width-type-auto kb-btn-global-outline  kt-btn-has-text-true kt-btn-has-svg-false  wp-block-kadence-singlebtn\" href=\"https:\/\/avenir-formation.fr\/accueil\/contact\/\"><span class=\"kt-btn-inner-text\">Contactez-nous!<\/span><\/a><\/div>\n\n\n\n<div class=\"wp-block-columns is-layout-flex wp-container-core-columns-is-layout-9d6595d7 wp-block-columns-is-layout-flex\">\n<div class=\"wp-block-column is-layout-flow wp-block-column-is-layout-flow\" style=\"flex-basis:100%\"><style>.wp-block-kadence-advancedbtn.kb-btns231_895288-63{gap:var(--global-kb-gap-xs, 0.5rem );justify-content:flex-end;align-items:center;}.kt-btns231_895288-63 .kt-button{font-weight:normal;font-style:normal;}<\/style>\n<div class=\"wp-block-kadence-advancedbtn kb-buttons-wrap kb-btns231_895288-63\"><style>ul.menu .wp-block-kadence-advancedbtn .kb-btn231_2bea45-51.kb-button{width:initial;}.kb-btn231_2bea45-51.kb-button .kb-svg-icon-wrap{font-size:30px;--kb-button-icon-size:30px;}<\/style><a class=\"kb-button kt-button button kb-btn231_2bea45-51 kt-btn-size-small kt-btn-width-type-auto kb-btn-global-inherit  kt-btn-has-text-false kt-btn-has-svg-true  wp-block-button__link wp-block-kadence-singlebtn\" href=\"https:\/\/avenir-formation.fr\/accueil\/qui-sommes-nous\/\"><span class=\"kb-svg-icon-wrap kb-svg-icon-fe_cornerRightUp kt-btn-icon-side-right\"><svg viewBox=\"0 0 24 24\"  fill=\"none\" stroke=\"currentColor\" stroke-width=\"2\" stroke-linecap=\"round\" stroke-linejoin=\"round\" xmlns=\"http:\/\/www.w3.org\/2000\/svg\"  aria-hidden=\"true\"><polyline points=\"10 9 15 4 20 9\"\/><path d=\"M4 20h7a4 4 0 0 0 4-4V4\"\/><\/svg><\/span><\/a><\/div>\n<\/div>\n<\/div>\n\n\n\n<p><\/p>\n","protected":false},"excerpt":{"rendered":"<p>Une \u00e9quipe permanente pour vous conseiller et vous accompagner dans l&rsquo;\u00e9laboration de votre programmation de formation. Rodolphe Pelletier, pr\u00e9sident de l&rsquo;association Avenir \u00ab\u00a0former pour devenir\u00a0\u00bb Laurent Auger, directeur g\u00e9n\u00e9ral Laurie Pelletier, responsable administrative et financi\u00e8re Pascale Seux, coordinatrice, formatrice et r\u00e9f\u00e9rente p\u00e9dagogique Laetitia Auber, formatrice Val\u00e9rie Ferr\u00e9, assistante de formation, r\u00e9f\u00e9rente handicap et qualit\u00e9 Manon&#8230;<\/p>\n","protected":false},"author":1,"featured_media":0,"parent":0,"menu_order":0,"comment_status":"closed","ping_status":"closed","template":"","meta":{"_kad_post_transparent":"","_kad_post_title":"show","_kad_post_layout":"","_kad_post_sidebar_id":"","_kad_post_content_style":"","_kad_post_vertical_padding":"","_kad_post_feature":"","_kad_post_feature_position":"","_kad_post_header":false,"_kad_post_footer":false,"_kad_post_classname":"","slim_seo":{"description":"Une \u00e9quipe permanente pour vous conseiller et vous accompagner dans l'\u00e9laboration de votre programmation de formation.","title":"L'\u00e9quipe - Avenir &quot;former pour devenir&quot;"},"footnotes":""},"class_list":["post-231","page","type-page","status-publish","hentry"],"_links":{"self":[{"href":"https:\/\/avenir-formation.fr\/accueil\/wp-json\/wp\/v2\/pages\/231","targetHints":{"allow":["GET"]}}],"collection":[{"href":"https:\/\/avenir-formation.fr\/accueil\/wp-json\/wp\/v2\/pages"}],"about":[{"href":"https:\/\/avenir-formation.fr\/accueil\/wp-json\/wp\/v2\/types\/page"}],"author":[{"embeddable":true,"href":"https:\/\/avenir-formation.fr\/accueil\/wp-json\/wp\/v2\/users\/1"}],"replies":[{"embeddable":true,"href":"https:\/\/avenir-formation.fr\/accueil\/wp-json\/wp\/v2\/comments?post=231"}],"version-history":[{"count":19,"href":"https:\/\/avenir-formation.fr\/accueil\/wp-json\/wp\/v2\/pages\/231\/revisions"}],"predecessor-version":[{"id":962,"href":"https:\/\/avenir-formation.fr\/accueil\/wp-json\/wp\/v2\/pages\/231\/revisions\/962"}],"wp:attachment":[{"href":"https:\/\/avenir-formation.fr\/accueil\/wp-json\/wp\/v2\/media?parent=231"}],"curies":[{"name":"wp","href":"https:\/\/api.w.org\/{rel}","templated":true}]}}

L&rsquo;équipe

<p class="has-theme-palette-2-color has-text-color has-medium-font-size"><strong>Une équipe permanente pour vous conseiller et vous accompagner dans l&rsquo;élaboration de votre programmation de formation.</strong></p>



<p><strong>Rodolphe Pelletier</strong>, président de l&rsquo;association Avenir « former pour devenir »</p>



<p><strong>Laurent Auger</strong>, directeur général</p>



<p><strong>Laurie Pelletier</strong>, responsable administrative et financière</p>



<p><strong>Pascale Seux</strong>, coordinatrice, formatrice et référente pédagogique</p>



<p><strong>Laetitia Auber</strong>, formatrice</p>



<p><strong>Valérie Ferré</strong>, assistante de formation, référente handicap et qualité</p>



<p><strong>Manon Pinchon</strong>, assistante administrative alternante</p>


<style>.wp-block-kadence-advancedbtn.kb-btns231_0530c0-84{gap:var(--global-kb-gap-xs, 0.5rem );justify-content:center;align-items:center;}.kt-btns231_0530c0-84 .kt-button{font-weight:normal;font-style:normal;}</style>
<div class="wp-block-kadence-advancedbtn kb-buttons-wrap kb-btns231_0530c0-84"><style>ul.menu .wp-block-kadence-advancedbtn .kb-btn231_282666-3d.kb-button{width:initial;}.wp-block-kadence-advancedbtn .kb-btn231_282666-3d.kb-button{color:var(--global-palette9, #ffffff);background:#013766;border-top-left-radius:30px;border-top-right-radius:30px;border-bottom-right-radius:30px;border-bottom-left-radius:30px;border-top-color:var(--global-palette7, #EDF2F7);border-top-style:solid;border-right-color:var(--global-palette7, #EDF2F7);border-right-style:solid;border-bottom-color:var(--global-palette7, #EDF2F7);border-bottom-style:solid;border-left-color:var(--global-palette7, #EDF2F7);border-left-style:solid;}.wp-block-kadence-advancedbtn .kb-btn231_282666-3d.kb-button:hover, .wp-block-kadence-advancedbtn .kb-btn231_282666-3d.kb-button:focus{color:#ffffff;background:#444444;border-top-color:#444444;border-top-style:solid;border-right-color:#444444;border-right-style:solid;border-bottom-color:#444444;border-bottom-style:solid;border-left-color:#444444;border-left-style:solid;}@media all and (max-width: 1024px){.wp-block-kadence-advancedbtn .kb-btn231_282666-3d.kb-button{border-top-color:var(--global-palette7, #EDF2F7);border-top-style:solid;border-right-color:var(--global-palette7, #EDF2F7);border-right-style:solid;border-bottom-color:var(--global-palette7, #EDF2F7);border-bottom-style:solid;border-left-color:var(--global-palette7, #EDF2F7);border-left-style:solid;}}@media all and (max-width: 1024px){.wp-block-kadence-advancedbtn .kb-btn231_282666-3d.kb-button:hover, .wp-block-kadence-advancedbtn .kb-btn231_282666-3d.kb-button:focus{border-top-color:#444444;border-top-style:solid;border-right-color:#444444;border-right-style:solid;border-bottom-color:#444444;border-bottom-style:solid;border-left-color:#444444;border-left-style:solid;}}@media all and (max-width: 767px){.wp-block-kadence-advancedbtn .kb-btn231_282666-3d.kb-button{border-top-color:var(--global-palette7, #EDF2F7);border-top-style:solid;border-right-color:var(--global-palette7, #EDF2F7);border-right-style:solid;border-bottom-color:var(--global-palette7, #EDF2F7);border-bottom-style:solid;border-left-color:var(--global-palette7, #EDF2F7);border-left-style:solid;}.wp-block-kadence-advancedbtn .kb-btn231_282666-3d.kb-button:hover, .wp-block-kadence-advancedbtn .kb-btn231_282666-3d.kb-button:focus{border-top-color:#444444;border-top-style:solid;border-right-color:#444444;border-right-style:solid;border-bottom-color:#444444;border-bottom-style:solid;border-left-color:#444444;border-left-style:solid;}}</style><a class="kb-button kt-button button kb-btn231_282666-3d kt-btn-size-standard kt-btn-width-type-auto kb-btn-global-outline  kt-btn-has-text-true kt-btn-has-svg-false  wp-block-kadence-singlebtn" href="https://avenir-formation.fr/accueil/contact/"><span class="kt-btn-inner-text">Contactez-nous!</span></a></div>



<div class="wp-block-columns is-layout-flex wp-container-core-columns-is-layout-9d6595d7 wp-block-columns-is-layout-flex">
<div class="wp-block-column is-layout-flow wp-block-column-is-layout-flow" style="flex-basis:100%"><style>.wp-block-kadence-advancedbtn.kb-btns231_895288-63{gap:var(--global-kb-gap-xs, 0.5rem );justify-content:flex-end;align-items:center;}.kt-btns231_895288-63 .kt-button{font-weight:normal;font-style:normal;}</style>
<div class="wp-block-kadence-advancedbtn kb-buttons-wrap kb-btns231_895288-63"><style>ul.menu .wp-block-kadence-advancedbtn .kb-btn231_2bea45-51.kb-button{width:initial;}.kb-btn231_2bea45-51.kb-button .kb-svg-icon-wrap{font-size:30px;--kb-button-icon-size:30px;}</style><a class="kb-button kt-button button kb-btn231_2bea45-51 kt-btn-size-small kt-btn-width-type-auto kb-btn-global-inherit  kt-btn-has-text-false kt-btn-has-svg-true  wp-block-button__link wp-block-kadence-singlebtn" href="https://avenir-formation.fr/accueil/qui-sommes-nous/"><span class="kb-svg-icon-wrap kb-svg-icon-fe_cornerRightUp kt-btn-icon-side-right"><svg viewBox="0 0 24 24"  fill="none" stroke="currentColor" stroke-width="2" stroke-linecap="round" stroke-linejoin="round" xmlns="http://www.w3.org/2000/svg"  aria-hidden="true"><polyline points="10 9 15 4 20 9"/><path d="M4 20h7a4 4 0 0 0 4-4V4"/></svg></span></a></div>
</div>
</div>



<p></p>

<p>Une équipe permanente pour vous conseiller et vous accompagner dans l&rsquo;élaboration de votre programmation de formation. Rodolphe Pelletier, président de l&rsquo;association Avenir « former pour devenir » Laurent Auger, directeur général Laurie Pelletier, responsable administrative et financière Pascale Seux, coordinatrice, formatrice et référente pédagogique Laetitia Auber, formatrice Valérie Ferré, assistante de formation, référente handicap et qualité Manon&#8230;</p>

Une équipe permanente pour vous conseiller et vous accompagner dans l'élaboration de votre programmation de formation.

L'équipe - Avenir &quot;former pour devenir&quot;
