{"id":10,"date":"2022-02-17T22:00:41","date_gmt":"2022-02-17T21:00:41","guid":{"rendered":"https:\/\/avenir-formation.fr\/?page_id=10"},"modified":"2024-09-13T16:08:18","modified_gmt":"2024-09-13T14:08:18","slug":"qui-sommes-nous","status":"publish","type":"page","link":"https:\/\/avenir-formation.fr\/accueil\/qui-sommes-nous\/","title":{"rendered":"Qui sommes-nous?"},"content":{"rendered":"<style>.kb-row-layout-id10_bf386b-13 > .kt-row-column-wrap{align-content:start;}:where(.kb-row-layout-id10_bf386b-13 > .kt-row-column-wrap) > .wp-block-kadence-column{justify-content:start;}.kb-row-layout-id10_bf386b-13 > .kt-row-column-wrap{column-gap:80px;row-gap:var(--global-kb-gap-md, 2rem);max-width:1140px;margin-left:auto;margin-right:auto;padding-top:20px;padding-bottom:80px;grid-template-columns:repeat(2, minmax(0, 1fr));}.kb-row-layout-id10_bf386b-13 > .kt-row-layout-overlay{opacity:0.30;}@media all and (max-width: 1024px){.kb-row-layout-id10_bf386b-13 > .kt-row-column-wrap{grid-template-columns:repeat(2, minmax(0, 1fr));}}@media all and (max-width: 767px){.kb-row-layout-id10_bf386b-13 > .kt-row-column-wrap{grid-template-columns:minmax(0, 1fr);}}<\/style><div class=\"kb-row-layout-wrap kb-row-layout-id10_bf386b-13 alignfull wp-block-kadence-rowlayout\"><div class=\"kt-row-column-wrap kt-has-2-columns kt-row-layout-equal kt-tab-layout-inherit kt-mobile-layout-row kt-row-valign-top\">\n<style>.kadence-column10_3acd2c-a3 > .kt-inside-inner-col,.kadence-column10_3acd2c-a3 > .kt-inside-inner-col:before{border-top-left-radius:0px;border-top-right-radius:0px;border-bottom-right-radius:0px;border-bottom-left-radius:0px;}.kadence-column10_3acd2c-a3 > .kt-inside-inner-col{column-gap:var(--global-kb-gap-sm, 1rem);}.kadence-column10_3acd2c-a3 > .kt-inside-inner-col{flex-direction:column;}.kadence-column10_3acd2c-a3 > .kt-inside-inner-col > .aligncenter{width:100%;}.kadence-column10_3acd2c-a3 > .kt-inside-inner-col:before{opacity:0.3;}.kadence-column10_3acd2c-a3{position:relative;}@media all and (max-width: 1024px){.kadence-column10_3acd2c-a3 > .kt-inside-inner-col{flex-direction:column;justify-content:center;}}@media all and (max-width: 767px){.kadence-column10_3acd2c-a3 > .kt-inside-inner-col{flex-direction:column;justify-content:center;}}<\/style>\n<div class=\"wp-block-kadence-column kadence-column10_3acd2c-a3 inner-column-1\"><div class=\"kt-inside-inner-col\">\n<figure class=\"wp-block-image size-large\"><img loading=\"lazy\" decoding=\"async\" width=\"1024\" height=\"865\" src=\"https:\/\/avenir-formation.fr\/wp-content\/uploads\/2022\/12\/Locaux-mosaique-1024x865.png\" alt=\"\" class=\"wp-image-746\" srcset=\"https:\/\/avenir-formation.fr\/wp-content\/uploads\/2022\/12\/Locaux-mosaique-1024x865.png 1024w, https:\/\/avenir-formation.fr\/wp-content\/uploads\/2022\/12\/Locaux-mosaique-300x254.png 300w, https:\/\/avenir-formation.fr\/wp-content\/uploads\/2022\/12\/Locaux-mosaique-768x649.png 768w, https:\/\/avenir-formation.fr\/wp-content\/uploads\/2022\/12\/Locaux-mosaique.png 1252w\" sizes=\"auto, (max-width: 1024px) 100vw, 1024px\" \/><figcaption class=\"wp-element-caption\"><em>Nos locaux \u00e0 Saint-Pierre-l\u00e8s-Elbeuf<\/em><\/figcaption><\/figure>\n<\/div><\/div>\n\n\n<style>.kadence-column10_82acfa-3e > .kt-inside-inner-col,.kadence-column10_82acfa-3e > .kt-inside-inner-col:before{border-top-left-radius:0px;border-top-right-radius:0px;border-bottom-right-radius:0px;border-bottom-left-radius:0px;}.kadence-column10_82acfa-3e > .kt-inside-inner-col{column-gap:var(--global-kb-gap-sm, 1rem);}.kadence-column10_82acfa-3e > .kt-inside-inner-col{flex-direction:column;}.kadence-column10_82acfa-3e > .kt-inside-inner-col > .aligncenter{width:100%;}.kadence-column10_82acfa-3e > .kt-inside-inner-col:before{opacity:0.3;}.kadence-column10_82acfa-3e{position:relative;}@media all and (max-width: 1024px){.kadence-column10_82acfa-3e > .kt-inside-inner-col{flex-direction:column;justify-content:center;}}@media all and (max-width: 767px){.kadence-column10_82acfa-3e > .kt-inside-inner-col{flex-direction:column;justify-content:center;}}<\/style>\n<div class=\"wp-block-kadence-column kadence-column10_82acfa-3e inner-column-2\"><div class=\"kt-inside-inner-col\"><style>.kb-row-layout-id10_542459-15 > .kt-row-column-wrap{align-content:start;}:where(.kb-row-layout-id10_542459-15 > .kt-row-column-wrap) > .wp-block-kadence-column{justify-content:start;}.kb-row-layout-id10_542459-15 > .kt-row-column-wrap{column-gap:var(--global-kb-gap-lg, 4rem);row-gap:var(--global-kb-gap-md, 2rem);padding-top:0px;padding-bottom:25px;grid-template-columns:repeat(2, minmax(0, 1fr));}.kb-row-layout-id10_542459-15 > .kt-row-layout-overlay{opacity:0.30;}@media all and (max-width: 1024px){.kb-row-layout-id10_542459-15 > .kt-row-column-wrap{grid-template-columns:repeat(2, minmax(0, 1fr));}}@media all and (max-width: 767px){.kb-row-layout-id10_542459-15 > .kt-row-column-wrap{grid-template-columns:repeat(2, minmax(0, 1fr));}}<\/style><div class=\"kb-row-layout-wrap kb-row-layout-id10_542459-15 alignnone wp-block-kadence-rowlayout\"><div class=\"kt-row-column-wrap kt-has-2-columns kt-row-layout-equal kt-tab-layout-equal kt-mobile-layout-equal kt-row-valign-top\">\n<style>.kadence-column10_1faeda-42 > .kt-inside-inner-col,.kadence-column10_1faeda-42 > .kt-inside-inner-col:before{border-top-left-radius:0px;border-top-right-radius:0px;border-bottom-right-radius:0px;border-bottom-left-radius:0px;}.kadence-column10_1faeda-42 > .kt-inside-inner-col{column-gap:var(--global-kb-gap-sm, 1rem);}.kadence-column10_1faeda-42 > .kt-inside-inner-col{flex-direction:column;}.kadence-column10_1faeda-42 > .kt-inside-inner-col > .aligncenter{width:100%;}.kadence-column10_1faeda-42 > .kt-inside-inner-col:before{opacity:0.3;}.kadence-column10_1faeda-42{position:relative;}@media all and (max-width: 1024px){.kadence-column10_1faeda-42 > .kt-inside-inner-col{flex-direction:column;justify-content:center;}}@media all and (max-width: 767px){.kadence-column10_1faeda-42 > .kt-inside-inner-col{flex-direction:column;justify-content:center;}}<\/style>\n<div class=\"wp-block-kadence-column kadence-column10_1faeda-42 kb-section-has-link inner-column-1\"><div class=\"kt-inside-inner-col\">\n<div class=\"wp-block-group\"><div class=\"wp-block-group__inner-container is-layout-flow wp-block-group-is-layout-flow\">\n<div class=\"wp-block-group\"><div class=\"wp-block-group__inner-container is-layout-flow wp-block-group-is-layout-flow\">\n<div class=\"wp-block-group\"><div class=\"wp-block-group__inner-container is-layout-flow wp-block-group-is-layout-flow\"><style>.wp-block-kadence-advancedheading.kt-adv-heading10_b76ede-07, .wp-block-kadence-advancedheading.kt-adv-heading10_b76ede-07[data-kb-block=\"kb-adv-heading10_b76ede-07\"]{margin-top:0px;margin-bottom:0px;font-size:60px;line-height:60px;font-weight:700;font-style:normal;font-family:Montserrat;color:#e4e8ec;}.wp-block-kadence-advancedheading.kt-adv-heading10_b76ede-07 mark.kt-highlight, .wp-block-kadence-advancedheading.kt-adv-heading10_b76ede-07[data-kb-block=\"kb-adv-heading10_b76ede-07\"] mark.kt-highlight{font-style:normal;color:#f76a0c;-webkit-box-decoration-break:clone;box-decoration-break:clone;padding-top:0px;padding-right:0px;padding-bottom:0px;padding-left:0px;}.wp-block-kadence-advancedheading.kt-adv-heading10_b76ede-07 img.kb-inline-image, .wp-block-kadence-advancedheading.kt-adv-heading10_b76ede-07[data-kb-block=\"kb-adv-heading10_b76ede-07\"] img.kb-inline-image{width:150px;vertical-align:baseline;}<\/style>\n<h5 class=\"kt-adv-heading10_b76ede-07 wp-block-kadence-advancedheading\" data-kb-block=\"kb-adv-heading10_b76ede-07\">01.<\/h5>\n\n\n<style>.wp-block-kadence-advancedheading.kt-adv-heading10_64acdc-4b, .wp-block-kadence-advancedheading.kt-adv-heading10_64acdc-4b[data-kb-block=\"kb-adv-heading10_64acdc-4b\"]{margin-top:0px;margin-bottom:15px;font-size:18px;font-weight:600;font-style:normal;font-family:Montserrat;}.wp-block-kadence-advancedheading.kt-adv-heading10_64acdc-4b mark.kt-highlight, .wp-block-kadence-advancedheading.kt-adv-heading10_64acdc-4b[data-kb-block=\"kb-adv-heading10_64acdc-4b\"] mark.kt-highlight{font-style:normal;color:#f76a0c;-webkit-box-decoration-break:clone;box-decoration-break:clone;padding-top:0px;padding-right:0px;padding-bottom:0px;padding-left:0px;}.wp-block-kadence-advancedheading.kt-adv-heading10_64acdc-4b img.kb-inline-image, .wp-block-kadence-advancedheading.kt-adv-heading10_64acdc-4b[data-kb-block=\"kb-adv-heading10_64acdc-4b\"] img.kb-inline-image{width:150px;vertical-align:baseline;}<\/style>\n<h4 class=\"kt-adv-heading10_64acdc-4b wp-block-kadence-advancedheading\" data-kb-block=\"kb-adv-heading10_64acdc-4b\">Pourquoi nous choisir?<\/h4>\n\n\n\n<p>Une d\u00e9marche qualit\u00e9 au plus pr\u00e8s de vos besoins&#8230;<\/p>\n<\/div><\/div>\n<\/div><\/div>\n<\/div><\/div>\n<\/div><a href=\"https:\/\/avenir-formation.fr\/accueil\/pourquoi-nous-choisir\/\" class=\"kb-section-link-overlay\"><\/a><\/div>\n\n\n<style>.kadence-column10_5ea2ed-7e > .kt-inside-inner-col,.kadence-column10_5ea2ed-7e > .kt-inside-inner-col:before{border-top-left-radius:0px;border-top-right-radius:0px;border-bottom-right-radius:0px;border-bottom-left-radius:0px;}.kadence-column10_5ea2ed-7e > .kt-inside-inner-col{column-gap:var(--global-kb-gap-sm, 1rem);}.kadence-column10_5ea2ed-7e > .kt-inside-inner-col{flex-direction:column;}.kadence-column10_5ea2ed-7e > .kt-inside-inner-col > .aligncenter{width:100%;}.kadence-column10_5ea2ed-7e > .kt-inside-inner-col:before{opacity:0.3;}.kadence-column10_5ea2ed-7e{position:relative;}@media all and (max-width: 1024px){.kadence-column10_5ea2ed-7e > .kt-inside-inner-col{flex-direction:column;justify-content:center;}}@media all and (max-width: 767px){.kadence-column10_5ea2ed-7e > .kt-inside-inner-col{flex-direction:column;justify-content:center;}}<\/style>\n<div class=\"wp-block-kadence-column kadence-column10_5ea2ed-7e kb-section-has-link inner-column-2\"><div class=\"kt-inside-inner-col\">\n<div class=\"wp-block-group\"><div class=\"wp-block-group__inner-container is-layout-flow wp-block-group-is-layout-flow\">\n<div class=\"wp-block-group\"><div class=\"wp-block-group__inner-container is-layout-flow wp-block-group-is-layout-flow\"><style>.wp-block-kadence-advancedheading.kt-adv-heading10_337839-40, .wp-block-kadence-advancedheading.kt-adv-heading10_337839-40[data-kb-block=\"kb-adv-heading10_337839-40\"]{margin-top:0px;margin-bottom:0px;font-size:60px;line-height:60px;font-weight:700;font-style:normal;font-family:Montserrat;color:#e4e8ec;}.wp-block-kadence-advancedheading.kt-adv-heading10_337839-40 mark.kt-highlight, .wp-block-kadence-advancedheading.kt-adv-heading10_337839-40[data-kb-block=\"kb-adv-heading10_337839-40\"] mark.kt-highlight{font-style:normal;color:#f76a0c;-webkit-box-decoration-break:clone;box-decoration-break:clone;padding-top:0px;padding-right:0px;padding-bottom:0px;padding-left:0px;}.wp-block-kadence-advancedheading.kt-adv-heading10_337839-40 img.kb-inline-image, .wp-block-kadence-advancedheading.kt-adv-heading10_337839-40[data-kb-block=\"kb-adv-heading10_337839-40\"] img.kb-inline-image{width:150px;vertical-align:baseline;}<\/style>\n<h5 class=\"kt-adv-heading10_337839-40 wp-block-kadence-advancedheading\" data-kb-block=\"kb-adv-heading10_337839-40\">02.<\/h5>\n\n\n<style>.wp-block-kadence-advancedheading.kt-adv-heading10_a2bfb9-32, .wp-block-kadence-advancedheading.kt-adv-heading10_a2bfb9-32[data-kb-block=\"kb-adv-heading10_a2bfb9-32\"]{margin-top:0px;margin-bottom:15px;font-size:18px;font-weight:600;font-style:normal;font-family:Montserrat;}.wp-block-kadence-advancedheading.kt-adv-heading10_a2bfb9-32 mark.kt-highlight, .wp-block-kadence-advancedheading.kt-adv-heading10_a2bfb9-32[data-kb-block=\"kb-adv-heading10_a2bfb9-32\"] mark.kt-highlight{font-style:normal;color:#f76a0c;-webkit-box-decoration-break:clone;box-decoration-break:clone;padding-top:0px;padding-right:0px;padding-bottom:0px;padding-left:0px;}.wp-block-kadence-advancedheading.kt-adv-heading10_a2bfb9-32 img.kb-inline-image, .wp-block-kadence-advancedheading.kt-adv-heading10_a2bfb9-32[data-kb-block=\"kb-adv-heading10_a2bfb9-32\"] img.kb-inline-image{width:150px;vertical-align:baseline;}<\/style>\n<h4 class=\"kt-adv-heading10_a2bfb9-32 wp-block-kadence-advancedheading\" data-kb-block=\"kb-adv-heading10_a2bfb9-32\">Notre histoire<\/h4>\n\n\n\n<p>Un organisme de formation cr\u00e9\u00e9 en 2015&#8230;<\/p>\n<\/div><\/div>\n<\/div><\/div>\n<\/div><a href=\"https:\/\/avenir-formation.fr\/accueil\/notre-histoire\/\" class=\"kb-section-link-overlay\"><\/a><\/div>\n\n<\/div><\/div>\n\n<style>.kb-row-layout-id10_fe787c-c6 > .kt-row-column-wrap{align-content:start;}:where(.kb-row-layout-id10_fe787c-c6 > .kt-row-column-wrap) > .wp-block-kadence-column{justify-content:start;}.kb-row-layout-id10_fe787c-c6 > .kt-row-column-wrap{column-gap:var(--global-kb-gap-lg, 4rem);row-gap:var(--global-kb-gap-md, 2rem);padding-top:0px;padding-bottom:25px;grid-template-columns:repeat(2, minmax(0, 1fr));}.kb-row-layout-id10_fe787c-c6 > .kt-row-layout-overlay{opacity:0.30;}@media all and (max-width: 1024px){.kb-row-layout-id10_fe787c-c6 > .kt-row-column-wrap{grid-template-columns:repeat(2, minmax(0, 1fr));}}@media all and (max-width: 767px){.kb-row-layout-id10_fe787c-c6 > .kt-row-column-wrap{grid-template-columns:repeat(2, minmax(0, 1fr));}}<\/style><div class=\"kb-row-layout-wrap kb-row-layout-id10_fe787c-c6 alignnone wp-block-kadence-rowlayout\"><div class=\"kt-row-column-wrap kt-has-2-columns kt-row-layout-equal kt-tab-layout-equal kt-mobile-layout-equal kt-row-valign-top\">\n<style>.kadence-column10_1f5f76-a0 > .kt-inside-inner-col,.kadence-column10_1f5f76-a0 > .kt-inside-inner-col:before{border-top-left-radius:0px;border-top-right-radius:0px;border-bottom-right-radius:0px;border-bottom-left-radius:0px;}.kadence-column10_1f5f76-a0 > .kt-inside-inner-col{column-gap:var(--global-kb-gap-sm, 1rem);}.kadence-column10_1f5f76-a0 > .kt-inside-inner-col{flex-direction:column;}.kadence-column10_1f5f76-a0 > .kt-inside-inner-col > .aligncenter{width:100%;}.kadence-column10_1f5f76-a0 > .kt-inside-inner-col:before{opacity:0.3;}.kadence-column10_1f5f76-a0{position:relative;}@media all and (max-width: 1024px){.kadence-column10_1f5f76-a0 > .kt-inside-inner-col{flex-direction:column;justify-content:center;}}@media all and (max-width: 767px){.kadence-column10_1f5f76-a0 > .kt-inside-inner-col{flex-direction:column;justify-content:center;}}<\/style>\n<div class=\"wp-block-kadence-column kadence-column10_1f5f76-a0 kb-section-has-link inner-column-1\"><div class=\"kt-inside-inner-col\">\n<div class=\"wp-block-group\"><div class=\"wp-block-group__inner-container is-layout-flow wp-block-group-is-layout-flow\">\n<div class=\"wp-block-group\"><div class=\"wp-block-group__inner-container is-layout-flow wp-block-group-is-layout-flow\">\n<div class=\"wp-block-group\"><div class=\"wp-block-group__inner-container is-layout-flow wp-block-group-is-layout-flow\"><style>.wp-block-kadence-advancedheading.kt-adv-heading10_cdd6f6-d5, .wp-block-kadence-advancedheading.kt-adv-heading10_cdd6f6-d5[data-kb-block=\"kb-adv-heading10_cdd6f6-d5\"]{margin-top:0px;margin-bottom:0px;font-size:60px;line-height:60px;font-weight:700;font-style:normal;font-family:Montserrat;color:#e4e8ec;}.wp-block-kadence-advancedheading.kt-adv-heading10_cdd6f6-d5 mark.kt-highlight, .wp-block-kadence-advancedheading.kt-adv-heading10_cdd6f6-d5[data-kb-block=\"kb-adv-heading10_cdd6f6-d5\"] mark.kt-highlight{font-style:normal;color:#f76a0c;-webkit-box-decoration-break:clone;box-decoration-break:clone;padding-top:0px;padding-right:0px;padding-bottom:0px;padding-left:0px;}.wp-block-kadence-advancedheading.kt-adv-heading10_cdd6f6-d5 img.kb-inline-image, .wp-block-kadence-advancedheading.kt-adv-heading10_cdd6f6-d5[data-kb-block=\"kb-adv-heading10_cdd6f6-d5\"] img.kb-inline-image{width:150px;vertical-align:baseline;}<\/style>\n<h5 class=\"kt-adv-heading10_cdd6f6-d5 wp-block-kadence-advancedheading\" data-kb-block=\"kb-adv-heading10_cdd6f6-d5\">03.<\/h5>\n\n\n<style>.wp-block-kadence-advancedheading.kt-adv-heading10_e665ad-ee, .wp-block-kadence-advancedheading.kt-adv-heading10_e665ad-ee[data-kb-block=\"kb-adv-heading10_e665ad-ee\"]{margin-top:0px;margin-bottom:15px;font-size:18px;font-weight:600;font-style:normal;font-family:Montserrat;}.wp-block-kadence-advancedheading.kt-adv-heading10_e665ad-ee mark.kt-highlight, .wp-block-kadence-advancedheading.kt-adv-heading10_e665ad-ee[data-kb-block=\"kb-adv-heading10_e665ad-ee\"] mark.kt-highlight{font-style:normal;color:#f76a0c;-webkit-box-decoration-break:clone;box-decoration-break:clone;padding-top:0px;padding-right:0px;padding-bottom:0px;padding-left:0px;}.wp-block-kadence-advancedheading.kt-adv-heading10_e665ad-ee img.kb-inline-image, .wp-block-kadence-advancedheading.kt-adv-heading10_e665ad-ee[data-kb-block=\"kb-adv-heading10_e665ad-ee\"] img.kb-inline-image{width:150px;vertical-align:baseline;}<\/style>\n<h4 class=\"kt-adv-heading10_e665ad-ee wp-block-kadence-advancedheading\" data-kb-block=\"kb-adv-heading10_e665ad-ee\">Nos ressources<\/h4>\n\n\n\n<p>Des formatrices confirm\u00e9es et des moyens mat\u00e9riels&#8230;<\/p>\n<\/div><\/div>\n<\/div><\/div>\n<\/div><\/div>\n<\/div><a href=\"https:\/\/avenir-formation.fr\/accueil\/nos-ressources\/\" class=\"kb-section-link-overlay\"><\/a><\/div>\n\n\n<style>.kadence-column10_e5f054-ad > .kt-inside-inner-col,.kadence-column10_e5f054-ad > .kt-inside-inner-col:before{border-top-left-radius:0px;border-top-right-radius:0px;border-bottom-right-radius:0px;border-bottom-left-radius:0px;}.kadence-column10_e5f054-ad > .kt-inside-inner-col{column-gap:var(--global-kb-gap-sm, 1rem);}.kadence-column10_e5f054-ad > .kt-inside-inner-col{flex-direction:column;}.kadence-column10_e5f054-ad > .kt-inside-inner-col > .aligncenter{width:100%;}.kadence-column10_e5f054-ad > .kt-inside-inner-col:before{opacity:0.3;}.kadence-column10_e5f054-ad{position:relative;}@media all and (max-width: 1024px){.kadence-column10_e5f054-ad > .kt-inside-inner-col{flex-direction:column;justify-content:center;}}@media all and (max-width: 767px){.kadence-column10_e5f054-ad > .kt-inside-inner-col{flex-direction:column;justify-content:center;}}<\/style>\n<div class=\"wp-block-kadence-column kadence-column10_e5f054-ad kb-section-has-link inner-column-2\"><div class=\"kt-inside-inner-col\">\n<div class=\"wp-block-group\"><div class=\"wp-block-group__inner-container is-layout-flow wp-block-group-is-layout-flow\">\n<div class=\"wp-block-group\"><div class=\"wp-block-group__inner-container is-layout-flow wp-block-group-is-layout-flow\">\n<div class=\"wp-block-group\"><div class=\"wp-block-group__inner-container is-layout-flow wp-block-group-is-layout-flow\">\n<div class=\"wp-block-group\"><div class=\"wp-block-group__inner-container is-layout-flow wp-block-group-is-layout-flow\"><style>.wp-block-kadence-advancedheading.kt-adv-heading10_dfcaf7-05, .wp-block-kadence-advancedheading.kt-adv-heading10_dfcaf7-05[data-kb-block=\"kb-adv-heading10_dfcaf7-05\"]{margin-top:0px;margin-bottom:0px;font-size:60px;line-height:60px;font-weight:700;font-style:normal;font-family:Montserrat;color:#e4e8ec;}.wp-block-kadence-advancedheading.kt-adv-heading10_dfcaf7-05 mark.kt-highlight, .wp-block-kadence-advancedheading.kt-adv-heading10_dfcaf7-05[data-kb-block=\"kb-adv-heading10_dfcaf7-05\"] mark.kt-highlight{font-style:normal;color:#f76a0c;-webkit-box-decoration-break:clone;box-decoration-break:clone;padding-top:0px;padding-right:0px;padding-bottom:0px;padding-left:0px;}.wp-block-kadence-advancedheading.kt-adv-heading10_dfcaf7-05 img.kb-inline-image, .wp-block-kadence-advancedheading.kt-adv-heading10_dfcaf7-05[data-kb-block=\"kb-adv-heading10_dfcaf7-05\"] img.kb-inline-image{width:150px;vertical-align:baseline;}<\/style>\n<h5 class=\"kt-adv-heading10_dfcaf7-05 wp-block-kadence-advancedheading\" data-kb-block=\"kb-adv-heading10_dfcaf7-05\">04.<\/h5>\n\n\n<style>.wp-block-kadence-advancedheading.kt-adv-heading10_8bbef9-e6, .wp-block-kadence-advancedheading.kt-adv-heading10_8bbef9-e6[data-kb-block=\"kb-adv-heading10_8bbef9-e6\"]{margin-top:0px;margin-bottom:15px;font-size:18px;font-weight:600;font-style:normal;font-family:Montserrat;}.wp-block-kadence-advancedheading.kt-adv-heading10_8bbef9-e6 mark.kt-highlight, .wp-block-kadence-advancedheading.kt-adv-heading10_8bbef9-e6[data-kb-block=\"kb-adv-heading10_8bbef9-e6\"] mark.kt-highlight{font-style:normal;color:#f76a0c;-webkit-box-decoration-break:clone;box-decoration-break:clone;padding-top:0px;padding-right:0px;padding-bottom:0px;padding-left:0px;}.wp-block-kadence-advancedheading.kt-adv-heading10_8bbef9-e6 img.kb-inline-image, .wp-block-kadence-advancedheading.kt-adv-heading10_8bbef9-e6[data-kb-block=\"kb-adv-heading10_8bbef9-e6\"] img.kb-inline-image{width:150px;vertical-align:baseline;}<\/style>\n<h4 class=\"kt-adv-heading10_8bbef9-e6 wp-block-kadence-advancedheading\" data-kb-block=\"kb-adv-heading10_8bbef9-e6\">L&rsquo;\u00e9quipe<\/h4>\n\n\n\n<p>Une \u00e9quipe permanente pour vous accompagner&#8230;<\/p>\n<\/div><\/div>\n<\/div><\/div>\n<\/div><\/div>\n<\/div><\/div>\n<\/div><a href=\"https:\/\/avenir-formation.fr\/accueil\/et-nous-cest-qui-exactement\/\" class=\"kb-section-link-overlay\"><\/a><\/div>\n\n<\/div><\/div><\/div><\/div>\n\n<\/div><\/div>\n\n\n<p><\/p>\n","protected":false},"excerpt":{"rendered":"<p>01. Pourquoi nous choisir? Une d\u00e9marche qualit\u00e9 au plus pr\u00e8s de vos besoins&#8230; 02. Notre histoire Un organisme de formation cr\u00e9\u00e9 en 2015&#8230; 03. Nos ressources Des formatrices confirm\u00e9es et des moyens mat\u00e9riels&#8230; 04. L&rsquo;\u00e9quipe Une \u00e9quipe permanente pour vous accompagner&#8230;<\/p>\n","protected":false},"author":1,"featured_media":0,"parent":0,"menu_order":0,"comment_status":"closed","ping_status":"closed","template":"","meta":{"_kad_post_transparent":"","_kad_post_title":"","_kad_post_layout":"","_kad_post_sidebar_id":"","_kad_post_content_style":"","_kad_post_vertical_padding":"","_kad_post_feature":"","_kad_post_feature_position":"","_kad_post_header":false,"_kad_post_footer":false,"_kad_post_classname":"","slim_seo":{"description":"Nos locaux \u00e0 Saint-Pierre-l\u00e8s-Elbeuf 01. Une d\u00e9marche qualit\u00e9 au plus pr\u00e8s de vos besoins... 02. Notre histoire 03. Nos ressources 04. L'\u00e9quipe","title":"Qui sommes-nous? - Avenir &quot;former pour devenir&quot;"},"footnotes":""},"class_list":["post-10","page","type-page","status-publish","hentry"],"_links":{"self":[{"href":"https:\/\/avenir-formation.fr\/accueil\/wp-json\/wp\/v2\/pages\/10","targetHints":{"allow":["GET"]}}],"collection":[{"href":"https:\/\/avenir-formation.fr\/accueil\/wp-json\/wp\/v2\/pages"}],"about":[{"href":"https:\/\/avenir-formation.fr\/accueil\/wp-json\/wp\/v2\/types\/page"}],"author":[{"embeddable":true,"href":"https:\/\/avenir-formation.fr\/accueil\/wp-json\/wp\/v2\/users\/1"}],"replies":[{"embeddable":true,"href":"https:\/\/avenir-formation.fr\/accueil\/wp-json\/wp\/v2\/comments?post=10"}],"version-history":[{"count":16,"href":"https:\/\/avenir-formation.fr\/accueil\/wp-json\/wp\/v2\/pages\/10\/revisions"}],"predecessor-version":[{"id":912,"href":"https:\/\/avenir-formation.fr\/accueil\/wp-json\/wp\/v2\/pages\/10\/revisions\/912"}],"wp:attachment":[{"href":"https:\/\/avenir-formation.fr\/accueil\/wp-json\/wp\/v2\/media?parent=10"}],"curies":[{"name":"wp","href":"https:\/\/api.w.org\/{rel}","templated":true}]}}